ase 7.
-2
Convert -32 (base 5) to base 2.
-10001
What is 2 (base 11) in base 9?
2
Convert -13 (base 16) to base 5.
-34
-10 (base 6) to base 2
-110
What is 44 (base 10) in base 12?
38
What is 1112 (base 3) in base 15?
2b
Convert 4 (base 14) to base 15.
4
What is -101 (base 2) in base 7?
-5
7 (base 15) to base 9
7
Convert -16 (base 9) to base 3.
-120
What is 73 (base 16) in base 11?
a5
-13 (base 12) to base 4
-33
28 (base 11) to base 2
11110
What is -12 (base 11) in base 16?
-d
-1 (base 13) to base 15
-1
1 (base 9) to base 6
1
What is -1 (base 11) in base 2?
-1
Convert 1 (base 14) to base 10.
1
Convert -15 (base 9) to base 7.
-20
What is 512 (base 7) in base 3?
100102
Convert -11 (base 7) to base 16.
-8
Convert -4b (base 14) to base 9.
-74
What is 1d6 (base 14) in base 6?
1440
Convert 34 (base 11) to base 9.
41
What is -4 (base 15) in base 5?
-4
What is 10001110 (base 2) in base 12?
ba
Convert -36 (base 13) to base 3.
-1200
What is 0 (base 5) in base 11?
0
What is 28 (base 14) in base 8?
44
What is -3 (base 14) in base 15?
-3
Convert -10 (base 9) to base 16.
-9
What is -1 (base 14) in base 11?
-1
What is -473 (base 8) in base 11?
-267
-c (base 16) to base 4
-30
What is 10 (base 12) in base 7?
15
134 (base 12) to base 6
504
-2 (base 11) to base 4
-2
-13 (base 5) to base 11
-8
-71 (base 13) to base 7
-161
What is 0 (base 10) in base 9?
0
2 (base 11) to base 5
2
-23 (base 9) to base 15
-16
-101011 (base 2) to base 16
-2b
What is 116 (base 7) in base 4?
332
-51 (base 11) to base 13
-44
-21 (base 3) to base 4
-13
Convert 76 (base 15) to base 16.
6f
-1 (base 11) to base 10
-1
19 (base 12) to base 15
16
-5 (base 16) to base 15
-5
Convert 0 (base 6) to base 2.
0
What is -1120 (base 3) in base 13?
-33
103 (base 6) to base 5
124
-207 (base 8) to base 4
-2013
10 (base 3) to base 14
3
Convert -17 (base 8) to base 16.
-f
Convert 31 (base 8) to base 12.
21
Convert 5 (base 15) to base 2.
101
Convert -1 (base 2) to base 13.
-1
What is -4 (base 11) in base 10?
-4
Convert 0 (base 13) to base 12.
0
What is 13 (base 7) in base 2?
1010
What is -3 (base 6) in base 11?
-3
Convert -2 (base 15) to base 2.
-10
21100 (base 3) to base 13
123
What is -104 (base 5) in base 13?
-23
126 (base 12) to base 15
b9
0 (base 6) to base 8
0
What is -52 (base 7) in base 15?
-27
What is -7 (base 10) in base 15?
-7
-5 (base 12) to base 15
-5
Convert 0 (base 14) to base 11.
0
11 (base 7) to base 16
8
Convert 1120 (base 3) to base 12.
36
What is -16 (base 12) in base 5?
-33
What is -1c (base 15) in base 9?
-30
What is 101010 (base 2) in base 14?
30
What is 0 (base 10) in base 5?
0
What is -13 (base 8) in base 5?
-21
What is 69 (base 16) in base 10?
105
What is 60 (base 7) in base 15?
2c
What is -12 (base 8) in base 10?
-10
Convert 304 (base 6) to base 5.
422
What is 101 (base 10) in base 13?
7a
-1 (base 3) to base 5
-1
Convert -4 (base 14) to base 11.
-4
-31 (base 5) to base 14
-12
What is 19 (base 12) in base 2?
10101
2211 (base 3) to base 4
1030
What is -2 (base 8) in base 12?
-2
Convert 1 (base 8) to base 13.
1
235 (base 7) to base 5
444
10 (base 2) to base 15
2
Convert 11 (base 2) to base 9.
3
11 (base 2) to base 15
3
Convert b (base 14) to base 5.
21
What is -110111 (base 3) in base 10?
-337
What is 141 (base 9) in base 12?
9a
What is 0 (base 6) in base 7?
0
-217 (base 8) to base 15
-98
Convert -175 (base 12) to base 8.
-351
Convert -44 (base 5) to base 8.
-30
What is 22 (base 16) in base 15?
24
-3 (base 15) to base 13
-3
What is 31 (base 6) in base 4?
103
Convert -5 (base 7) to base 3.
-12
-2 (base 14) to base 3
-2
3 (base 5) to base 10
3
What is -232 (base 12) in base 6?
-1302
-1 (base 11) to base 16
-1
Convert 122 (base 10) to base 2.
1111010
-136 (base 8) to base 11
-86
What is -1111 (base 2) in base 5?
-30
-276 (base 8) to base 6
-514
-14 (base 12) to base 3
-121
What is -4 (base 8) in base 2?
-100
What is -3 (base 16) in base 7?
-3
What is -2b (base 16) in base 12?
-37
What is 4 (base 6) in base 4?
10
-8 (base 10) to base 15
-8
-22 (base 5) to base 8
-14
What is -3 (base 4) in base 12?
-3
12 (base 8) to base 12
a
What is -161 (base 9) in base 3?
-12001
110 (base 3) to base 9
13
What is 126 (base 7) in base 11?
63
Convert -33 (base 11) to base 2.
-100100
-6 (base 13) to base 12
-6
What is -2bb (base 12) in base 5?
-3211
What is -114 (base 6) in base 14?
-34
-1101 (base 2) to base 11
-12
What is 324 (base 8) in base 12?
158
Convert 10 (base 2) to base 6.
2
What is -14 (base 9) in base 4?
-31
Convert -3 (base 9) to base 12.
-3
What is -5 (base 10) in base 6?
-5
What is 3a (base 11) in base 5?
133
Convert -8 (base 15) to base 13.
-8
-61 (base 14) to base 8
-125
Convert -a8 (base 13) to base 8.
-212
11 (base 2) to base 13
3
302 (base 6) to base 9
132
What is 1 (base 14) in base 2?
1
What is 20 (base 4) in base 10?
8
Convert 1010011 (base 2) to base 11.
76
Convert 12 (base 16) to base 7.
24
Convert 10001001 (base 2) to base 8.
211
2b (base 16) to base 2
101011
Convert 33 (base 4) to base 2.
1111
What is -10 (base 2) in base 7?
-2
Convert -6 (base 11) to base 5.
-11
Convert 2 (base 6) to base 14.
2
What is 1 (base 11) in base 10?
1
Convert 0 (base 3) to base 16.
0
17 (base 9) to base 2
10000
What is 6 (base 16) in base 2?
110
What is -10 (base 14) in base 16?
-e
102 (base 6) to base 11
35
What is -4 (base 7) in base 14?
-4
c7 (base 16) to base 8
307
4 (base 8) to base 5
4
What is 1131 (base 4) in base 15?
63
What is -12d (base 14) in base 13?
-153
Convert -47 (base 12) to base 9.
-61
2 (base 14) to base 5
2
What is -106 (base 8) in base 10?
-70
Convert 1f (base 16) to base 7.
43
What is 10 (base 5) in base 16?
5
Convert cf (base 16) to base 13.
12c
What is 10 (base 3) in base 14?
3
What is -37 (base 14) in base 9?
-54
What is 34 (base 13) in base 9?
47
19 (base 10) to base 13
16
Convert -35 (base 12) to base 10.
-41
What is -9 (base 13) in base 8?
-11
What is -4 (base 10) in base 11?
-4
Convert 0 (base 15) to base 12.
0
What is 18 (base 10) in base 16?
12
-6 (base 15) to base 2
-110
What is 11 (base 2) in base 3?
10
-7 (base 12) to base 3
-21
cc (base 16) to base 4
3030
-6 (base 16) to base 10
-6
Convert 3 (base 10) to base 11.
3
What is 222 (base 3) in base 12?
22
What is -2 (base 3) in base 6?
-2
163 (base 7) to base 10
94
What is 10 (base 4) in base 14?
4
16 (base 7) to base 15
d
-11 (base 11) to base 16
-c
5 (base 16) to base 2
101
1 (base 12) to base 3
1
23 (base 4) to base 2
1011
-1 (base 6) to base 7
-1
Convert -4 (base 15) to base 10.
-4
Convert 1210 (base 3) to base 11.
44
What is 1 (base 15) in base 4?
1
-10 (base 2) to base 15
-2
126 (base 8) to base 10
86
1011 (base 2) to base 16
b
Convert 2 (base 12) to base 6.
2
What is -45 (base 12) in base 3?
-1222
-100100111 (base 2) to base 16
-127
What is -3 (base 13) in base 10?
-3
-11121 (base 3) to base 4
-1330
-1111 (base 3) to base 6
-104
What is 67 (base 9) in base 3?
2021
Convert -11 (base 9) to base 8.
-12
What is -104 (base 15) in base 3?
-22111
-13 (base 15) to base 6
-30
-42 (base 9) to base 2
-100110
What is -22 (base 9) in base 15?
-15
117 (base 8) to base 10
79
14 (base 5) to base 14
9
What is 6 (base 11) in base 13?
6
-4 (base 9) to base 6
-4
Convert -10 (base 15) to base 5.
-30
1012 (base 4) to base 10
70
Convert 24 (base 7) to base 16.
12
0 (base 2) to base 8
0
What is 345 (base 6) in base 15?
92
Convert -3 (base 11) to base 10.
-3
Convert -24 (base 7) to base 5.
-33
What is 167 (base 9) in base 2?
10001110
8 (base 10) to base 16
8
What is 7 (base 12) in base 3?
21
Convert 8 (base 9) to base 14.
8
What is 333 (base 7) in base 8?
253
What is -1 (base 6) in base 11?
-1
What is -36 (base 9) in base 10?
-33
Convert -3 (base 16) to base 11.
-3
Convert -234 (base 7) to base 8.
-173
Convert -16 (base 12) to base 2.
-10010
What is -2 (base 6) in base 5?
-2
Convert -1 (base 8) to base 4.
-1
1 (base 5) to base 13
1
Convert 35 (base 8) to base 3.
1002
Convert 6 (base 9) to base 13.
6
What is -2 (base 14) in base 15?
-2
0 (base 7) to base 5
0
Convert 2 (base 4) to base 10.
2
-22 (base 5) to base 3
-110
What is 3 (base 8) in base 11?
3
Convert -302 (base 5) to base 14.
-57
Convert -11 (base 4) to base 12.
-5
Convert 10 (base 3) to base 6.
3
What is -2 (base 16) in base 7?
-2
What is -102 (base 6) in base 10?
-38
63 (base 16)